(b) = t*b + b - 7*b + 5*b. Calculate f(5).
5
Let n(i) = i**3 - 6*i**2 - 10*i + 6. Let t be (-162)/(-16) - -4*(-2)/64. Let s be (-45)/(-6) - 5/t. Calculate n(s).
-15
Suppose -114 = -5*x - x. Suppose x = -3*j + 4*c - 5, 4*c - 4 = -2*j. Let g(t) = 2*t - 5. Calculate g(j).
-13
Let v(i) = -i**3 - i**2 + 11*i - 5. Let g(c) = -c**3 - 2*c**2 + 10*c - 5. Let z(l) = -3*g(l) + 2*v(l). Determine z(-6).
-19
Let o(g) = g**3 + 5*g**2 - 6*g - 6. Suppose -4*q + 24 = 4, 0 = -5*w - 5*q + 55. Suppose w*j - 2 = 7*j. Let a be (-9)/j*32/(-24). What is o(a)?
-6
Let w = 11 - 4. Suppose t - 5*t + 4 = 4*x, -3*x = -t - w. Let d(m) = 4 + 2*m**3 + 0 + 5*m**2 - 3*m**x - 2. Calculate d(-2).
-6
Let l(s) = 1 + 12*s**2 - 9*s**2 + s**2. Determine l(-3).
37
Let j(l) = l - 6. Suppose 0 = -5*q + 3*q, -3*w = q. Give j(w).
-6
Suppose 36 = 4*i - 4*g, 2*i - g - 3 = 10. Let z(c) = -4*c + 2*c**3 + c**3 - i*c**3 - 4*c**2 - 2. Give z(-2).
-2
Let a(d) be the second derivative of -d**5/20 + 5*d**4/12 + 4*d**3/3 - 3*d. Let l be 10 - (44/10 - 24/60). Determine a(l).
12
Suppose -5*g - 10 = -10*l + 12*l, 3*g - 2*l = -6. Let u(s) = 7*s - s + 3*s - s. What is u(g)?
-16
Suppose 23*g = 18*g + 30. Let j(c) = c**3 - 6*c**2 - c + 6. Calculate j(g).
0
Let x(u) be the first derivative of -5*u**3/3 - 2*u**2 + 2*u + 688. Determine x(1).
-7
Let b(l) = -2*l**3 + 19*l**2 - 8*l - 4. Let p be b(9). Let g(u) = 6*u**3 - 2*u**2 - 2*u**2 - 5*u**3 - u - 1. Give g(p).
19
Let i(m) = m**2 + 3*m + 6. Let c = -354 - -354. Determine i(c).
6
Let k(r) = r**3 + 4*r**2 - 5*r + 5. Let b(d) = 2*d - 5. Let m = -81 + 81. Let u be b(m). Give k(u).
5
Let r(c) = -2*c - 13. Let f be r(-11). Let i(k) = 17*k - 1 + 7*k**2 - 15*k + f*k**2. What is i(1)?
17
Let g(n) be the second derivative of 13*n**4/12 - n**3/6 - n**2 - 3*n - 5. Determine g(-1).
12
Let q(z) = 11*z**2 + 2*z - 3. Let c be q(1). Let v(j) = j**3 - 9*j**2 - 10*j + 11. Calculate v(c).
11
Let g(v) = 22*v**2 + v**3 + 2*v + 11 - 27*v**2 - 8. Calculate g(5).
13
Let p(q) = -2*q - 19. Let a be p(-14). Let k(n) = -5*n**2 - 19*n - 25. Let h(t) = t**2 + 5*t + 6. Let s(z) = a*h(z) + 2*k(z). Determine s(6).
10
Let w(b) = -14*b**2 + 1. Let d(t) = -t**3 + 8*t**2 - 7*t + 1. Let s(r) = r**2 - 6*r. Let v be s(7). Let p be -1 - -11 - (v + -4). Let q be d(p). Give w(q).
-13
Let z(v) be the second derivative of 2*v**3/3 - v**2/2 - 63*v. Calculate z(5).
19
Suppose 0 = -a - 4*t + 7 + 4, 0 = 4*a + 2*t - 30. Suppose 0 = -5*z - a + 22. Let o(l) = -5 - 5*l - 3*l**z - l**3 + 5*l**3 - 5*l**2. Calculate o(6).
1
Let m be (3 + 2)*1*-1. Let n(p) be the second derivative of -p**3/3 - 3*p**2 + 3*p. What is n(m)?
4
Let i be 1*(-2 - -4)*2. Suppose -4*m + 8 = -2*v, -i*v - 5*m = -6 - 17. Let s(l) = -5 + 6*l - 2*l - v*l. What is s(-4)?
-13
Suppose 0 = -2*o + 5*o, -4*m + 16 = 4*o. Let w(z) = 5*z + z + 1 - m*z - z**2. What is w(-3)?
-14
Suppose 2*q + 5*r + 2 = 0, -q - 3*r - 4 + 2 = 0. Let w be 3*(56/12 - q). Let b(s) = 3*s + 18 - 24 + w*s - 2*s. Determine b(5).
9
Let v(f) = 76*f - 383. Let g be v(5). Let o(k) be the first derivative of -2 + 1/2*k**2 - k + 1/3*k**3. Determine o(g).
5
Let t(l) = -15*l**2 - 31*l - 1. Let c(s) = -11*s**2 - 30*s - 2. Let h(d) = 4*c(d) - 3*t(d). Determine h(27).
-5
Suppose -5*g = -3*g. Let s(z) = 46 + 14*z - 16 + 17. Let x(i) = -5*i - 16. Let q(d) = -4*s(d) - 11*x(d). Give q(g).
-12
Let m(u) be the first derivative of u**3/3 - 5*u**2 - u - 12. What is m(8)?
-17
Suppose -5*g = -5*c + 6 + 14, 4*g + 11 = -c. Let l(q) = q**2 + 3*q - 4. Calculate l(g).
-4
Suppose 0*k + 9*k = 45. Suppose 4 = 2*f + k*u, -u - 3*u = 5*f + 24. Let m(p) = -2*p - 10. Calculate m(f).
6
Let a(t) = -14 + 230*t - 109*t - 120*t. Determine a(6).
-8
Let q(h) = 6*h - 179 - 10*h + 175 + 9*h. Let t = -3 + 13. Let m = 14 - t. Give q(m).
16
Let d(i) = -5*i + 0*i**2 - 4*i**2 + 9 + 3*i**2. Suppose -7 = -6*l - 49. Determine d(l).
-5
Let y(t) be the third derivative of 0 + 0*t + 1/60*t**5 + t**2 + 1/8*t**4 - 1/2*t**3. Calculate y(-3).
-3
Let d(n) = -n**2 - 3*n + 3. Suppose -4*l - 42*x - 8 = -38*x, 4*x = -2*l + 2. Calculate d(l).
-7
Let n(j) = j**3 - 4*j**2 + 1. Let h(k) = -k**2 - k + 2. Let x be h(-2). Suppose -33 = 5*b - x*p - 2*p, -b - p = 8. Let g be b/42 + 25/6. What is n(g)?
1
Let h(s) = 5*s**3 + s**2 + 22*s + 15. Let l(v) = 2*v**3 + v**2 + 8*v + 5. Let g(w) = 3*h(w) - 8*l(w). Calculate g(-5).
-5
Let j(a) be the third derivative of a**4/24 - 11*a**3/6 - 56*a**2 + 3. Let o = 14 + -14. Determine j(o).
-11
Suppose 4*a = 24 + 60. Let t = 38 - 34. Suppose -t*d - a + 9 = 0. Let x(m) = -m**3 - 4*m**2 - 3*m + 4. Give x(d).
4
Let o(s) = 2*s + 12. Let t be o(-4). Suppose -t*r = 5*p - 56, 39 = 3*p + 4*r - 1. Let g(c) = c**3 - 7*c**2 - 6*c - 7. Determine g(p).
9
Let o(u) = 23*u**3 - 3*u**2 + 10*u - 6. Let s(d) = 7*d**3 - d**2 + 3*d - 2. Let m(l) = 2*o(l) - 7*s(l). Let z = 3 - 1. What is m(z)?
-20
Let l(o) = 399*o - 2*o**3 - 400*o - 4 + 6 + o**2. Determine l(2).
-12
Let r(t) = -7*t**2 + 2*t - 1. Let x be r(1). Let f(s) = -4*s - 4 + 5*s - 4*s**2 - s**3 - 3*s**2 - 8*s. Calculate f(x).
2
Suppose c = -5*m + 15, 3*m = -3*c - 2*c + 9. Suppose 6*d = m*d + 12. Let y(s) = s - d*s**3 + 2*s**3 - 2*s**2 + 3*s**3 - 4 + 3. Give y(2).
1
Let w = 57 + 22. Let y(r) = -w*r**3 + 2*r**2 + 78*r**3 + 2*r**2 + 0 + 6*r + 2. Give y(5).
7
Let x be (-52)/(-39)*(-15)/(-4). Let c(w) = -w**2 + 11*w - 1. Calculate c(x).
29
Let s(k) = -12*k**2 - 23*k - 13. Let q(w) = w**2 + 2*w + 1. Let t(g) = 9*q(g) + s(g). Suppose -1 = -n - 4. What is t(n)?
-16
Let d be 10*(-2 - -4)/4. Suppose d*u + 3*i - 86 = 0, u + 36 = 3*u + 2*i. Let k = u - 11. Let q(b) = b**2 - 4*b. Determine q(k).
5
Let r be 10 + (-9 - 42/(-3 - 4)). Let k(d) = 5*d**3 - 35*d**2 - 2*d + 11. Calculate k(r).
-3
Let g be ((-1)/3 - (-70)/12)*36. Let j(x) = 197*x - 3*x**2 - g*x - 15 + 2*x**2. What is j(0)?
-15
Let u(m) = -7*m**3 + m**2 + 7. Let h(p) = -4*p**3 + 3. Let t(c) = 5*h(c) - 2*u(c). Let i(w) = w**2 + 2*w - 1. Let f be i(-2). Give t(f).
5
Let v(s) be the second derivative of 7*s**6/720 + s**5/120 + s**4/2 - 6*s. Let h(q) be the third derivative of v(q). Give h(-2).
-13
Let m(k) be the second derivative of -11/6*k**3 - 10*k + 0 - 3/2*k**2. Determine m(-2).
19
Let x(b) be the second derivative of -b**7/2520 + 11*b**6/720 - b**5/12 + 5*b**4/12 - 15*b. Let u(n) be the third derivative of x(n). Give u(10).
0
Let n(y) = y**3 + 4*y**2 - 8*y - 7. Suppose -5*u - 25 = 0, -w = -0*w + 2*u - 1. Suppose f - w = -0. Suppose 9*h - f*h - 10 = 0. Determine n(h).
8
Let y(w) = -w + 3. Let x = -330 + 346. Calculate y(x).
-13
Let q(d) = -2*d - 5*d + 3 - 2 + 2 + 4*d. Give q(3).
-6
Let n(z) = 20*z - 11. Let j(q) = -7*q + 4. Let i(l) = l. Let h be i(-6). Let r(a) = h*n(a) - 17*j(a). Let x = 83 - 87. Give r(x).
2
Let w(m) = -5*m + 1. Let t = -139 - -141. What is w(t)?
-9
Suppose 0 = -3*q - 5*f - 18, -3*q - 15 = f + 3. Let z(i) = 9 + 1 - i + 6 - 14. Give z(q).
8
Let x(f) be the third derivative of -1/6*f**3 + 0 - 5*f**2 - 3/20*f**5 + 0*f + 1/12*f**4. What is x(1)?
-8
Let f(p) = -55*p**2 + 11 + 3*p + 56*p**2 - 5 - 12*p. Suppose 0 = -4*z + 20, 34 = -o - 3*z + 5*z. Let v be -2 - o/(2 + 1). What is f(v)?
-12
Let h(r) = -r**3 - r**2 + 3*r - 7. Let p(q) = q**3 - q**2 - q + 1. Let y be ((-18)/12)/(3/(-2)). Let x(w) = y*h(w) + 3*p(w). Calculate x(3).
14
Let s(l) be the first derivative of l**4/4 - 7*l**3/3 - 4*l**2 + 6*l + 22. Let y be s(8). Let z(j) = -j**3 + 6*j**2 + j + 7. Give z(y).
13
Suppose -6*y + 2*y = -136. Let i = -28 + y. Let z(c) = -c + i + 6 - 2. Determine z(7).
3
Let p(q) be the third derivative of -q**6/120 + q**5/15 + 5*q**4/6 + 4*q**3/3 + 101*q**2. What is p(7)?
1
Let b(z) = -z + 15. Let h(j) = 2*j - 24. Let r(m) = -8*b(m) - 5*h(m). Calculate r(-9).
18
Let o be (1 + 5)*(-8)/(-16). Let d(w) = -o - 2*w + w - 3 + 5. Let l be 1 - ((-3)/(2 - -1) + -3). What is d(l)?
-6
Let j(d) be the first derivative of -5*d**2/2 + 8*d + 221. What is j(2)?
-2
Let d(b) be the first derivative of b**2/2 + 10*b - 21. Let x be d(-12). Let y(o) = -o**3 - o**2 - 2. Give y(x).
2
Suppose -9*n + 34 = -20. Let r be (54/15)/(n/15). Let p(v) = -v**3 + 9*v**2 - 1. What is p(r)?
-1
Let n(k) = k**3 - k**2 - k + 2. Suppose -32*z + 34 = -49*z. Calculate n(z).
-8
Let o be (102 - 106) + (14 - -1*1). Let z(l) = -l**2 + 10*l + 3. What is z(o)?
-8
Let x(j) = -j**2 - j